{"id":622,"date":"2023-11-03T08:37:39","date_gmt":"2023-11-03T08:37:39","guid":{"rendered":"https:\/\/www.aztu.edu.az\/sdg\/?page_id=622"},"modified":"2024-11-07T14:42:08","modified_gmt":"2024-11-07T10:42:08","slug":"8-2-1-employment-living-wage","status":"publish","type":"page","link":"https:\/\/www.aztu.edu.az\/sdg\/sdg8\/8-2-1-employment-living-wage\/","title":{"rendered":"8.2.1 Employment living wage"},"content":{"rendered":"\t\t<div data-elementor-type=\"wp-page\" data-elementor-id=\"622\" class=\"elementor elementor-622\">\n\t\t\t\t<div class=\"elementor-element elementor-element-8ceddef e-flex e-con-boxed e-con e-parent\" data-id=\"8ceddef\" data-element_type=\"container\" data-e-type=\"container\">\n\t\t\t\t\t<div class=\"e-con-inner\">\n\t\t\t\t<div class=\"elementor-element elementor-element-397bf2f elementor-widget elementor-widget-heading\" data-id=\"397bf2f\" data-element_type=\"widget\" data-e-type=\"widget\" data-widget_type=\"heading.default\">\n\t\t\t\t<div class=\"elementor-widget-container\">\n\t\t\t\t\t<span class=\"elementor-heading-title elementor-size-default\"><p class=\"MsoNormal\" style=\"text-align:justify\"><b><span>8.2.1\nEmployment living wage<\/span><\/b><\/p><hr><\/span>\t\t\t\t<\/div>\n\t\t\t\t<\/div>\n\t\t\t\t\t<\/div>\n\t\t\t\t<\/div>\n\t\t<div class=\"elementor-element elementor-element-a229429 e-flex e-con-boxed e-con e-parent\" data-id=\"a229429\" data-element_type=\"container\" data-e-type=\"container\">\n\t\t\t\t\t<div class=\"e-con-inner\">\n\t\t\t\t<div class=\"elementor-element elementor-element-20eae40 elementor-widget elementor-widget-text-editor\" data-id=\"20eae40\" data-element_type=\"widget\" data-e-type=\"widget\" data-widget_type=\"text-editor.default\">\n\t\t\t\t<div class=\"elementor-widget-container\">\n\t\t\t\t\t\t\t\t\t<p class=\"MsoNormal\" style=\"text-align: justify;\"><span style=\"font-family: 'Segoe UI',sans-serif;\">AzTU is committed to provide the salaries concurrent with the economic development in the Republic of Azerbaijan. Both academic and administrative staff shall receive the salary amounts indicated in their employment contract, which are mutually signed by the employer and employees. The salary payment is based on monthly payment system. The table below presents the average monthly salary as per academic and admin staff categories (except top management staff). AzTU continuously undertakes the responsibility to make sure that all salaries are above the minimum monthly wage set and announced by the Government of Azerbaijan on annual basis.\u00a0<\/span><\/p>\t\t\t\t\t\t\t\t<\/div>\n\t\t\t\t<\/div>\n\t\t\t\t\t<\/div>\n\t\t\t\t<\/div>\n\t\t<div class=\"elementor-element elementor-element-5507603 e-con-full e-flex e-con e-parent\" data-id=\"5507603\" data-element_type=\"container\" data-e-type=\"container\">\n\t\t\t\t<div class=\"elementor-element elementor-element-143917c elementor-widget elementor-widget-text-editor\" data-id=\"143917c\" data-element_type=\"widget\" data-e-type=\"widget\" data-widget_type=\"text-editor.default\">\n\t\t\t\t<div class=\"elementor-widget-container\">\n\t\t\t\t\t\t\t\t\t<table class=\"MsoTableGrid\" style=\"width: 453.35pt; border: initial none initial;\" border=\"1\" width=\"604\" cellspacing=\"0\" cellpadding=\"0\">\n<tbody>\n<tr>\n<td style=\"width: 347.05pt; border-width: 1pt; border-right-style: solid; border-bottom-style: solid; border-left-style: solid; border-color: windowtext; border-image: initial; padding: 0cm 5.4pt;\" valign=\"top\" width=\"463\">\n<p class=\"MsoNormal\" style=\"margin-bottom: .0001pt; line-height: normal;\"><b><span style=\"font-family: 'Segoe UI',sans-serif;\">Title<\/span><\/b><\/p>\n<\/td>\n<td style=\"width: 106.3pt; border-top-width: 1pt; border-right: 1pt solid windowtext; border-bottom: 1pt solid windowtext; border-top-color: windowtext; border-image: initial; border-left: none; padding: 0cm 5.4pt;\" valign=\"top\" width=\"142\">\n<p class=\"MsoNormal\" style=\"margin-bottom: .0001pt; text-align: center; line-height: normal;\" align=\"center\"><b><span style=\"font-family: 'Segoe UI',sans-serif;\">2023 salary (AZN)<\/span><\/b><\/p>\n<\/td>\n<\/tr>\n<tr>\n<td style=\"width: 347.05pt; border: solid windowtext 1.0pt; border-top: none; mso-border-top-alt: solid windowtext .5pt; mso-border-alt: solid windowtext .5pt; padding: 0cm 5.4pt 0cm 5.4pt;\" valign=\"top\" width=\"463\">\n<p class=\"MsoNormal\" style=\"margin-bottom: .0001pt; line-height: normal;\"><span style=\"font-family: 'Segoe UI',sans-serif;\">Dean of faculty (Dekan)<\/span><\/p>\n<\/td>\n<td style=\"width: 106.3pt; border-top: none; border-left: none; border-bottom: solid windowtext 1.0pt; border-right: solid windowtext 1.0pt; mso-border-top-alt: solid windowtext .5pt; mso-border-left-alt: solid windowtext .5pt; mso-border-alt: solid windowtext .5pt; padding: 0cm 5.4pt 0cm 5.4pt;\" valign=\"bottom\" width=\"142\">\n<p class=\"MsoNormal\" style=\"margin-bottom: .0001pt; text-align: center; line-height: normal;\" align=\"center\"><span style=\"font-family: 'Arial',sans-serif; color: black;\">2000<\/span><\/p>\n<\/td>\n<\/tr>\n<tr>\n<td style=\"width: 347.05pt; border: solid windowtext 1.0pt; border-top: none; mso-border-top-alt: solid windowtext .5pt; mso-border-alt: solid windowtext .5pt; padding: 0cm 5.4pt 0cm 5.4pt;\" valign=\"top\" width=\"463\">\n<p class=\"MsoNormal\" style=\"margin-bottom: .0001pt; line-height: normal;\"><span style=\"font-family: 'Segoe UI',sans-serif;\">Deputy dean of faculty (Dekan m\u00fcavini)<\/span><\/p>\n<\/td>\n<td style=\"width: 106.3pt; border-top: none; border-left: none; border-bottom: solid windowtext 1.0pt; border-right: solid windowtext 1.0pt; mso-border-top-alt: solid windowtext .5pt; mso-border-left-alt: solid windowtext .5pt; mso-border-alt: solid windowtext .5pt; padding: 0cm 5.4pt 0cm 5.4pt;\" valign=\"bottom\" width=\"142\">\n<p class=\"MsoNormal\" style=\"margin-bottom: .0001pt; text-align: center; line-height: normal;\" align=\"center\"><span style=\"font-family: 'Arial',sans-serif; color: black;\">1400<\/span><\/p>\n<\/td>\n<\/tr>\n<tr>\n<td style=\"width: 347.05pt; border: solid windowtext 1.0pt; border-top: none; mso-border-top-alt: solid windowtext .5pt; mso-border-alt: solid windowtext .5pt; padding: 0cm 5.4pt 0cm 5.4pt;\" valign=\"top\" width=\"463\">\n<p class=\"MsoNormal\" style=\"margin-bottom: .0001pt; line-height: normal;\"><span style=\"font-family: 'Segoe UI',sans-serif;\">Head of academic department (cathedra) (Kafedra m\u00fcdiri)<\/span><\/p>\n<\/td>\n<td style=\"width: 106.3pt; border-top: none; border-left: none; border-bottom: solid windowtext 1.0pt; border-right: solid windowtext 1.0pt; mso-border-top-alt: solid windowtext .5pt; mso-border-left-alt: solid windowtext .5pt; mso-border-alt: solid windowtext .5pt; padding: 0cm 5.4pt 0cm 5.4pt;\" valign=\"bottom\" width=\"142\">\n<p class=\"MsoNormal\" style=\"margin-bottom: .0001pt; text-align: center; line-height: normal;\" align=\"center\"><span style=\"font-family: 'Arial',sans-serif; color: black;\">1800<\/span><\/p>\n<\/td>\n<\/tr>\n<tr>\n<td style=\"width: 347.05pt; border: solid windowtext 1.0pt; border-top: none; mso-border-top-alt: solid windowtext .5pt; mso-border-alt: solid windowtext .5pt; padding: 0cm 5.4pt 0cm 5.4pt;\" valign=\"top\" width=\"463\">\n<p class=\"MsoNormal\" style=\"margin-bottom: .0001pt; line-height: normal;\"><span style=\"font-family: 'Segoe UI',sans-serif;\">Head of administrative department (\u015e\u00f6b\u0259 m\u00fcdiri)<\/span><\/p>\n<\/td>\n<td style=\"width: 106.3pt; border-top: none; border-left: none; border-bottom: solid windowtext 1.0pt; border-right: solid windowtext 1.0pt; mso-border-top-alt: solid windowtext .5pt; mso-border-left-alt: solid windowtext .5pt; mso-border-alt: solid windowtext .5pt; padding: 0cm 5.4pt 0cm 5.4pt;\" valign=\"bottom\" width=\"142\">\n<p class=\"MsoNormal\" style=\"margin-bottom: .0001pt; text-align: center; line-height: normal;\" align=\"center\"><span style=\"font-family: 'Arial',sans-serif; color: black;\">1700<\/span><\/p>\n<\/td>\n<\/tr>\n<tr>\n<td style=\"width: 347.05pt; border: solid windowtext 1.0pt; border-top: none; mso-border-top-alt: solid windowtext .5pt; mso-border-alt: solid windowtext .5pt; padding: 0cm 5.4pt 0cm 5.4pt;\" valign=\"top\" width=\"463\">\n<p class=\"MsoNormal\" style=\"margin-bottom: .0001pt; line-height: normal;\"><span style=\"font-family: 'Segoe UI',sans-serif;\">Deputy head of administrative department (\u015e\u00f6b\u0259 m\u00fcdirinin m\u00fcavini)<\/span><\/p>\n<\/td>\n<td style=\"width: 106.3pt; border-top: none; border-left: none; border-bottom: solid windowtext 1.0pt; border-right: solid windowtext 1.0pt; mso-border-top-alt: solid windowtext .5pt; mso-border-left-alt: solid windowtext .5pt; mso-border-alt: solid windowtext .5pt; padding: 0cm 5.4pt 0cm 5.4pt;\" valign=\"bottom\" width=\"142\">\n<p class=\"MsoNormal\" style=\"margin-bottom: .0001pt; text-align: center; line-height: normal;\" align=\"center\"><span style=\"font-family: 'Arial',sans-serif; color: black;\">1400<\/span><\/p>\n<\/td>\n<\/tr>\n<tr>\n<td style=\"width: 347.05pt; border: solid windowtext 1.0pt; border-top: none; mso-border-top-alt: solid windowtext .5pt; mso-border-alt: solid windowtext .5pt; padding: 0cm 5.4pt 0cm 5.4pt;\" valign=\"top\" width=\"463\">\n<p class=\"MsoNormal\" style=\"margin-bottom: .0001pt; line-height: normal;\"><span style=\"font-family: 'Segoe UI',sans-serif;\">Chief specialist (Ba\u015f m\u00fct\u0259x\u0259ssis)<\/span><\/p>\n<\/td>\n<td style=\"width: 106.3pt; border-top: none; border-left: none; border-bottom: solid windowtext 1.0pt; border-right: solid windowtext 1.0pt; mso-border-top-alt: solid windowtext .5pt; mso-border-left-alt: solid windowtext .5pt; mso-border-alt: solid windowtext .5pt; padding: 0cm 5.4pt 0cm 5.4pt;\" valign=\"bottom\" width=\"142\">\n<p class=\"MsoNormal\" style=\"margin-bottom: .0001pt; text-align: center; line-height: normal;\" align=\"center\"><span style=\"font-family: 'Arial',sans-serif; color: black;\">1160<\/span><\/p>\n<\/td>\n<\/tr>\n<tr>\n<td style=\"width: 347.05pt; border: solid windowtext 1.0pt; border-top: none; mso-border-top-alt: solid windowtext .5pt; mso-border-alt: solid windowtext .5pt; padding: 0cm 5.4pt 0cm 5.4pt;\" valign=\"top\" width=\"463\">\n<p class=\"MsoNormal\" style=\"margin-bottom: .0001pt; line-height: normal;\"><span style=\"font-family: 'Segoe UI',sans-serif;\">Lead specialist (Apar\u0131c\u0131 m\u00fct\u0259x\u0259ssis)<\/span><\/p>\n<\/td>\n<td style=\"width: 106.3pt; border-top: none; border-left: none; border-bottom: solid windowtext 1.0pt; border-right: solid windowtext 1.0pt; mso-border-top-alt: solid windowtext .5pt; mso-border-left-alt: solid windowtext .5pt; mso-border-alt: solid windowtext .5pt; padding: 0cm 5.4pt 0cm 5.4pt;\" valign=\"bottom\" width=\"142\">\n<p class=\"MsoNormal\" style=\"margin-bottom: .0001pt; text-align: center; line-height: normal;\" align=\"center\"><span style=\"font-family: 'Arial',sans-serif; color: black;\">870<\/span><\/p>\n<\/td>\n<\/tr>\n<tr>\n<td style=\"width: 347.05pt; border: solid windowtext 1.0pt; border-top: none; mso-border-top-alt: solid windowtext .5pt; mso-border-alt: solid windowtext .5pt; padding: 0cm 5.4pt 0cm 5.4pt;\" valign=\"top\" width=\"463\">\n<p class=\"MsoNormal\" style=\"margin-bottom: .0001pt; line-height: normal;\"><span style=\"font-family: 'Segoe UI',sans-serif;\">Specialist (M\u00fct\u0259x\u0259ssis)<\/span><\/p>\n<\/td>\n<td style=\"width: 106.3pt; border-top: none; border-left: none; border-bottom: solid windowtext 1.0pt; border-right: solid windowtext 1.0pt; mso-border-top-alt: solid windowtext .5pt; mso-border-left-alt: solid windowtext .5pt; mso-border-alt: solid windowtext .5pt; padding: 0cm 5.4pt 0cm 5.4pt;\" valign=\"bottom\" width=\"142\">\n<p class=\"MsoNormal\" style=\"margin-bottom: .0001pt; text-align: center; line-height: normal;\" align=\"center\"><span style=\"font-family: 'Arial',sans-serif; color: black;\">790<\/span><\/p>\n<\/td>\n<\/tr>\n<tr>\n<td style=\"width: 347.05pt; border: solid windowtext 1.0pt; border-top: none; mso-border-top-alt: solid windowtext .5pt; mso-border-alt: solid windowtext .5pt; padding: 0cm 5.4pt 0cm 5.4pt;\" valign=\"top\" width=\"463\">\n<p class=\"MsoNormal\" style=\"margin-bottom: .0001pt; line-height: normal;\"><span style=\"font-family: 'Segoe UI',sans-serif;\">Student advisor (Akademik m\u0259sl\u0259h\u0259t\u00e7i)<\/span><\/p>\n<\/td>\n<td style=\"width: 106.3pt; border-top: none; border-left: none; border-bottom: solid windowtext 1.0pt; border-right: solid windowtext 1.0pt; mso-border-top-alt: solid windowtext .5pt; mso-border-left-alt: solid windowtext .5pt; mso-border-alt: solid windowtext .5pt; padding: 0cm 5.4pt 0cm 5.4pt;\" valign=\"bottom\" width=\"142\">\n<p class=\"MsoNormal\" style=\"margin-bottom: .0001pt; text-align: center; line-height: normal;\" align=\"center\"><span style=\"font-family: 'Arial',sans-serif; color: black;\">760<\/span><\/p>\n<\/td>\n<\/tr>\n<tr>\n<td style=\"width: 347.05pt; border: solid windowtext 1.0pt; border-top: none; mso-border-top-alt: solid windowtext .5pt; mso-border-alt: solid windowtext .5pt; padding: 0cm 5.4pt 0cm 5.4pt;\" valign=\"top\" width=\"463\">\n<p class=\"MsoNormal\" style=\"margin-bottom: .0001pt; line-height: normal;\"><span style=\"font-family: 'Segoe UI',sans-serif;\">Professor (Professor)<\/span><\/p>\n<\/td>\n<td style=\"width: 106.3pt; border-top: none; border-left: none; border-bottom: solid windowtext 1.0pt; border-right: solid windowtext 1.0pt; mso-border-top-alt: solid windowtext .5pt; mso-border-left-alt: solid windowtext .5pt; mso-border-alt: solid windowtext .5pt; padding: 0cm 5.4pt 0cm 5.4pt;\" valign=\"bottom\" width=\"142\">\n<p class=\"MsoNormal\" style=\"margin-bottom: .0001pt; text-align: center; line-height: normal;\" align=\"center\"><span style=\"font-family: 'Arial',sans-serif; color: black;\">1590<\/span><\/p>\n<\/td>\n<\/tr>\n<tr>\n<td style=\"width: 347.05pt; border: solid windowtext 1.0pt; border-top: none; mso-border-top-alt: solid windowtext .5pt; mso-border-alt: solid windowtext .5pt; padding: 0cm 5.4pt 0cm 5.4pt;\" valign=\"top\" width=\"463\">\n<p class=\"MsoNormal\" style=\"margin-bottom: .0001pt; line-height: normal;\"><span style=\"font-family: 'Segoe UI',sans-serif;\">Associate professor (Dosent)<\/span><\/p>\n<\/td>\n<td style=\"width: 106.3pt; border-top: none; border-left: none; border-bottom: solid windowtext 1.0pt; border-right: solid windowtext 1.0pt; mso-border-top-alt: solid windowtext .5pt; mso-border-left-alt: solid windowtext .5pt; mso-border-alt: solid windowtext .5pt; padding: 0cm 5.4pt 0cm 5.4pt;\" valign=\"bottom\" width=\"142\">\n<p class=\"MsoNormal\" style=\"margin-bottom: .0001pt; text-align: center; line-height: normal;\" align=\"center\"><span style=\"font-family: 'Arial',sans-serif; color: black;\">1260<\/span><\/p>\n<\/td>\n<\/tr>\n<tr>\n<td style=\"width: 347.05pt; border: solid windowtext 1.0pt; border-top: none; mso-border-top-alt: solid windowtext .5pt; mso-border-alt: solid windowtext .5pt; padding: 0cm 5.4pt 0cm 5.4pt;\" valign=\"top\" width=\"463\">\n<p class=\"MsoNormal\" style=\"margin-bottom: .0001pt; line-height: normal;\"><span style=\"font-family: 'Segoe UI',sans-serif;\">Assistant professor (Ba\u015f m\u00fc\u0259llim)<\/span><\/p>\n<\/td>\n<td style=\"width: 106.3pt; border-top: none; border-left: none; border-bottom: solid windowtext 1.0pt; border-right: solid windowtext 1.0pt; mso-border-top-alt: solid windowtext .5pt; mso-border-left-alt: solid windowtext .5pt; mso-border-alt: solid windowtext .5pt; padding: 0cm 5.4pt 0cm 5.4pt;\" valign=\"bottom\" width=\"142\">\n<p class=\"MsoNormal\" style=\"margin-bottom: .0001pt; text-align: center; line-height: normal;\" align=\"center\"><span style=\"font-family: 'Arial',sans-serif; color: black;\">1020<\/span><\/p>\n<\/td>\n<\/tr>\n<tr>\n<td style=\"width: 347.05pt; border: solid windowtext 1.0pt; border-top: none; mso-border-top-alt: solid windowtext .5pt; mso-border-alt: solid windowtext .5pt; padding: 0cm 5.4pt 0cm 5.4pt;\" valign=\"top\" width=\"463\">\n<p class=\"MsoNormal\" style=\"margin-bottom: .0001pt; line-height: normal;\"><span style=\"font-family: 'Segoe UI',sans-serif;\">Lecturer (M\u00fc\u0259llim)<\/span><\/p>\n<\/td>\n<td style=\"width: 106.3pt; border-top: none; border-left: none; border-bottom: solid windowtext 1.0pt; border-right: solid windowtext 1.0pt; mso-border-top-alt: solid windowtext .5pt; mso-border-left-alt: solid windowtext .5pt; mso-border-alt: solid windowtext .5pt; padding: 0cm 5.4pt 0cm 5.4pt;\" valign=\"bottom\" width=\"142\">\n<p class=\"MsoNormal\" style=\"margin-bottom: .0001pt; text-align: center; line-height: normal;\" align=\"center\"><span style=\"font-family: 'Arial',sans-serif; color: black;\">960<\/span><\/p>\n<\/td>\n<\/tr>\n<tr>\n<td style=\"width: 347.05pt; border: solid windowtext 1.0pt; border-top: none; mso-border-top-alt: solid windowtext .5pt; mso-border-alt: solid windowtext .5pt; padding: 0cm 5.4pt 0cm 5.4pt;\" valign=\"top\" width=\"463\">\n<p class=\"MsoNormal\" style=\"margin-bottom: .0001pt; line-height: normal;\"><span style=\"font-family: 'Segoe UI',sans-serif;\">Research assistant (Laborant)<\/span><\/p>\n<\/td>\n<td style=\"width: 106.3pt; border-top: none; border-left: none; border-bottom: solid windowtext 1.0pt; border-right: solid windowtext 1.0pt; mso-border-top-alt: solid windowtext .5pt; mso-border-left-alt: solid windowtext .5pt; mso-border-alt: solid windowtext .5pt; padding: 0cm 5.4pt 0cm 5.4pt;\" valign=\"bottom\" width=\"142\">\n<p class=\"MsoNormal\" style=\"margin-bottom: .0001pt; text-align: center; line-height: normal;\" align=\"center\"><span style=\"font-family: 'Arial',sans-serif; color: black;\">605<\/span><\/p>\n<\/td>\n<\/tr>\n<tr>\n<td style=\"width: 347.05pt; border: solid windowtext 1.0pt; border-top: none; mso-border-top-alt: solid windowtext .5pt; mso-border-alt: solid windowtext .5pt; padding: 0cm 5.4pt 0cm 5.4pt;\" valign=\"top\" width=\"463\">\n<p class=\"MsoNormal\" style=\"margin-bottom: .0001pt; line-height: normal;\"><span style=\"font-family: 'Segoe UI',sans-serif;\">Minimum monthly salary in Azerbaijan (<\/span><a href=\"https:\/\/e-qanun.az\/framework\/53129\"><span style=\"font-family: 'Segoe UI',sans-serif;\">https:\/\/e-qanun.az\/framework\/53129<\/span><\/a><span style=\"font-family: 'Segoe UI',sans-serif;\">) <\/span><\/p>\n<\/td>\n<td style=\"width: 106.3pt; border-top: none; border-left: none; border-bottom: solid windowtext 1.0pt; border-right: solid windowtext 1.0pt; mso-border-top-alt: solid windowtext .5pt; mso-border-left-alt: solid windowtext .5pt; mso-border-alt: solid windowtext .5pt; padding: 0cm 5.4pt 0cm 5.4pt;\" valign=\"top\" width=\"142\">\n<p class=\"MsoNormal\" style=\"margin-bottom: .0001pt; text-align: center; line-height: normal;\" align=\"center\"><span style=\"font-family: 'Segoe UI',sans-serif;\">345<\/span><\/p>\n<\/td>\n<\/tr>\n<tr>\n<td style=\"width: 347.05pt; border: solid windowtext 1.0pt; border-top: none; mso-border-top-alt: solid windowtext .5pt; mso-border-alt: solid windowtext .5pt; padding: 0cm 5.4pt 0cm 5.4pt;\" valign=\"top\" width=\"463\">\n<p class=\"MsoNormal\" style=\"margin-bottom: .0001pt; line-height: normal;\"><span style=\"font-family: 'Segoe UI',sans-serif;\">Minimum monthly salary in the University (Universitetd\u0259 minimum ayl\u0131q maa\u015f)<\/span><\/p>\n<\/td>\n<td style=\"width: 106.3pt; border-top: none; border-left: none; border-bottom: solid windowtext 1.0pt; border-right: solid windowtext 1.0pt; mso-border-top-alt: solid windowtext .5pt; mso-border-left-alt: solid windowtext .5pt; mso-border-alt: solid windowtext .5pt; padding: 0cm 5.4pt 0cm 5.4pt;\" valign=\"top\" width=\"142\">\n<p class=\"MsoNormal\" style=\"margin-bottom: .0001pt; text-align: center; line-height: normal;\" align=\"center\"><span style=\"font-family: 'Segoe UI',sans-serif;\">400<\/span><\/p>\n<\/td>\n<\/tr>\n<\/tbody>\n<\/table>\t\t\t\t\t\t\t\t<\/div>\n\t\t\t\t<\/div>\n\t\t\t\t<\/div>\n\t\t\t\t<\/div>\n\t\t","protected":false},"excerpt":{"rendered":"<p>8.2.1 Employment living wage AzTU is committed to provide the<\/p>\n","protected":false},"author":2,"featured_media":0,"parent":80,"menu_order":1,"comment_status":"closed","ping_status":"closed","template":"","meta":{"footnotes":""},"class_list":["post-622","page","type-page","status-publish"],"rttpg_featured_image_url":null,"rttpg_author":{"display_name":"Editor","author_link":"https:\/\/www.aztu.edu.az\/sdg\/author\/editor\/"},"rttpg_comment":0,"rttpg_category":null,"rttpg_excerpt":"8.2.1 Employment living wage AzTU is committed to provide the","_links":{"self":[{"href":"https:\/\/www.aztu.edu.az\/sdg\/wp-json\/wp\/v2\/pages\/622","targetHints":{"allow":["GET"]}}],"collection":[{"href":"https:\/\/www.aztu.edu.az\/sdg\/wp-json\/wp\/v2\/pages"}],"about":[{"href":"https:\/\/www.aztu.edu.az\/sdg\/wp-json\/wp\/v2\/types\/page"}],"author":[{"embeddable":true,"href":"https:\/\/www.aztu.edu.az\/sdg\/wp-json\/wp\/v2\/users\/2"}],"replies":[{"embeddable":true,"href":"https:\/\/www.aztu.edu.az\/sdg\/wp-json\/wp\/v2\/comments?post=622"}],"version-history":[{"count":24,"href":"https:\/\/www.aztu.edu.az\/sdg\/wp-json\/wp\/v2\/pages\/622\/revisions"}],"predecessor-version":[{"id":4880,"href":"https:\/\/www.aztu.edu.az\/sdg\/wp-json\/wp\/v2\/pages\/622\/revisions\/4880"}],"up":[{"embeddable":true,"href":"https:\/\/www.aztu.edu.az\/sdg\/wp-json\/wp\/v2\/pages\/80"}],"wp:attachment":[{"href":"https:\/\/www.aztu.edu.az\/sdg\/wp-json\/wp\/v2\/media?parent=622"}],"curies":[{"name":"wp","href":"https:\/\/api.w.org\/{rel}","templated":true}]}}